*s - 2196 = 3*s. Let p = 254 + s. What is the greatest common divisor of 80 and p?
10
Let y be 20 + (-1)/((-4)/4). Let t be y/3 + -1 + 3. Let s(o) = o**2 - 9*o + 10. Let p be s(t). Calculate the greatest common divisor of p and 80.
10
Suppose 40*u + 320 = 45*u. Suppose -5*i - 3*v + 0*v + u = 0, i - 4*v + 1 = 0. What is the greatest common divisor of i and 385?
11
Let z be 27/(7/(-966)*-140 + -1 + 0). Calculate the greatest common factor of z and 69.
69
Let g = 46 + -20. Let u be (0 + 15/6)*168. Suppose 20*w = u + 360. Calculate the greatest common divisor of w and g.
13
Let m = 358 - 248. Suppose 2*t - 3*t + 30 = -2*u, 5*t = 2*u + m. What is the highest common divisor of t and 20?
20
Suppose 22*h = -44*h + 21*h + 360180. Calculate the highest common divisor of 92 and h.
92
Let o be 6454/(-77) - (124/(-44) - -3). Let j = o - -86. Calculate the greatest common divisor of 64 and j.
2
Suppose -3*i + 3237 = 2*j + 949, 0 = 4*j + 3*i - 4558. Calculate the highest common factor of 5 and j.
5
Let w(t) = t**2 - 18*t + 48. Let z be w(15). Suppose -h + 3*x = -353 + 53, z*h + x = 880. What is the greatest common divisor of h and 84?
42
Let u = -15215 - -15237. Calculate the greatest common divisor of u and 1782.
22
Let l = -19608 - -19609. Calculate the highest common divisor of 395 and l.
1
Let r be -23 + ((-5132)/(-4) - 0). Calculate the greatest common divisor of 1512 and r.
252
Let i be (9 - 0) + 3 + -4. Let a be (18 - -2) + (-8)/i. What is the highest common divisor of a and 38?
19
Suppose -5*d = -u + 399, -4*d + 29 = -2*u + 347. Let l = d - -56. Let b be l/15*(-30)/(-12) + 132. What is the highest common divisor of b and 16?
16
Suppose 52 = 4*q - 4*w - 8200, -w + 4 = 0. Calculate the greatest common factor of q and 429.
39
Let q(y) = -65*y + 1. Let r(g) = 6*g + 2. Let t(j) = -q(j) - 8*r(j). Let p be ((3 - -2) + -1)/2. Let x be t(p). What is the greatest common factor of x and 17?
17
Suppose -125 = -22*q + 1239. What is the highest common factor of q and 186?
62
Suppose 3*g - 4382 = 5*h, 20*g - 16*g + 3*h = 5833. Let y = g - 1036. Calculate the highest common factor of 9 and y.
9
Suppose 142 - 518 = -47*j. Let y be 6/j - (-949)/292. Calculate the highest common factor of y and 14.
2
Let r(v) = 160*v**3 - 3*v**2 - 44*v + 123. Let q be r(3). What is the greatest common divisor of q and 1764?
252
Let z = -11219 + 12000. What is the greatest common divisor of z and 275?
11
Let f = -902 + 951. Let g = f + 3. Calculate the highest common divisor of g and 234.
26
Let b = 203 + -81. Let t = b + -95. Let i = -10 - -19. Calculate the greatest common divisor of i and t.
9
Suppose -267*x + 44 = -256*x. Let n(z) = 14*z**2 + 45*z - 157. Let f be n(x). What is the highest common factor of f and 39?
13
Suppose -4*u = f - 1551, 0 = -399*u + 397*u + 5*f + 781. Calculate the highest common divisor of u and 4.
4
Let n = -33056 + 65921. Calculate the highest common divisor of n and 15.
15
Suppose -q = -b + 4 - 2, 2*b = -6*q + 20. What is the highest common divisor of 794 and q?
2
Suppose 14*c = 331 + 187. What is the highest common divisor of 12247 and c?
37
Let i(m) be the third derivative of m**6/120 + 3*m**5/20 - m**4/3 + 47*m**3/6 + 138*m**2 - m. Let x be i(-10). What is the highest common divisor of 99 and x?
9
Suppose -2*f + 44 = -2*k, -3*f - 5*k - 5 = -55. What is the highest common divisor of 112 and f?
4
Suppose 49*f + 1140 = 79*f. Suppose 0 = -4*d - 0*h - 5*h - 248, -2*d - 154 = -5*h. Let i = 257 + d. What is the highest common factor of f and i?
38
Let x be (-16)/(-88)*1 - 2/11. Suppose -2*w + 5*s + 1641 - 463 = x, -s - 592 = -w. What is the highest common factor of w and 33?
33
Suppose 616*c - 304*c - 11700 = 297*c. Calculate the greatest common factor of c and 988.
52
Let a(g) be the first derivative of 4*g**3/3 - g - 2. Let s be a(-2). Let w be (1 - -13) + (-21 - -22). Calculate the greatest common factor of w and s.
15
Suppose x = 2*w + 1697, -117*x = -119*x + w + 3400. Calculate the greatest common factor of 210 and x.
21
Let d = 5713 - 5626. What is the greatest common divisor of 1798 and d?
29
Let c(a) = -a**3 - 8*a**2 + 8*a - 7. Suppose i - 41 = 4*q, -8*q - 2*i - 17 = -5*q. Let k be c(q). Calculate the greatest common divisor of k and 1.
1
Let d be 6 - (0 + -1 + 5/((-10)/10276)). What is the highest common factor of 105 and d?
105
Let y(z) = 43*z + 1745. Let c be y(-40). Calculate the highest common divisor of c and 1200.
25
Let o = -777 + 2777. What is the highest common factor of 560 and o?
80
Suppose -113*k = -110*k - 4*p - 1491, 0 = -2*k - 3*p + 994. What is the greatest common divisor of k and 355?
71
Suppose -1546*l = s - 1541*l + 20, -2*l = 4*s - 136. Suppose -x - 1021 = -2*m, -4*m + x + 2044 = -3*x. What is the greatest common factor of s and m?
10
Suppose v = 5*v - 312. Suppose 17413 = 72*l + 14109 - 21968. Calculate the greatest common factor of v and l.
39
Let d be (-2)/(4/(-17))*(-5 - -27). Suppose -27 + d = 5*y. Suppose 4*b - a - a = 1158, -2*b + 570 = 2*a. What is the greatest common divisor of y and b?
32
Suppose -78*o = -677901 - 220427 - 834286. Calculate the greatest common divisor of o and 97.
97
Let l be 156/(-16)*136/(-102). What is the greatest common factor of l and 8931?
13
Let r(x) = 30*x + 4. Let c be r(5). Suppose -117*t - 3 + 87 = -105*t. Calculate the greatest common factor of c and t.
7
Let n = 60 - 66. Let g be n*(-5)/(-8)*(-360)/54. Calculate the greatest common factor of 400 and g.
25
Suppose j - 7*i = -3*i + 12, -5*j + 3*i = -26. Suppose -j*g - n + 1062 + 637 = 0, 2*g - 2*n = 842. What is the greatest common factor of g and 53?
53
Let b be 12/(-10)*600/(-9). Let o be (20 - 1422/63)*(-210)/9. Calculate the greatest common factor of o and b.
20
Let c(f) = f**3 - 24*f**2 + 49*f - 61. Let b be c(22). Suppose 198 = 4*o - h, -5*o - 200 = -9*o + 2*h. Calculate the greatest common factor of b and o.
49
Let w be 10/(6 - (2 - -2)). Suppose -7*v + 112 = -2*v + h, 2*v = w*h + 34. Let d = v - 11. What is the highest common divisor of d and 11?
11
Let l(f) = -3*f**2 - 21*f + 5. Let r be l(-7). Let b be (10/6 - 1)/(60/450). Calculate the greatest common divisor of r and b.
5
Suppose -h + 20*s - 25*s + 400 = 0, 5*s = 5*h - 1940. What is the highest common divisor of 60 and h?
30
Let j = 45 - 12. Let o be 9/((-2)/4 - -2). Let g be 36/(-24)*(-4)/o*11. Calculate the highest common factor of j and g.
11
Suppose 0 = -2*u - 7*u - 45. Let s be ((-18)/u)/((-3)/(-60)). What is the greatest common factor of s and 252?
36
Let v = -58 + 67. Let t(s) = -s + 4*s + v + 7*s + 3*s. Let l be t(3). What is the highest common divisor of l and 16?
16
Let c(l) = -264*l - 22. Let w be c(-3). Suppose -h - 3*u = 1, -3*h + 37 = -0*h - u. Calculate the highest common divisor of h and w.
11
Let c be -6 + 42/(-35)*((-650)/6 + -5). What is the highest common divisor of c and 610?
10
Suppose 0 = -4*h + 48 + 16. Suppose -1376*r + 431129 = -911847. Calculate the greatest common divisor of r and h.
16
Suppose -177*x = -3*s - 173*x + 291, 0 = -s + x + 98. Calculate the greatest common factor of 1 and s.
1
Let p be (2/16 - (-21)/(-56)) + (-26163)/(-76). What is the highest common factor of p and 645?
43
Let z = 13127 - 13112. Calculate the greatest common divisor of z and 6735.
15
Let q(n) = n**2 + 400*n - 801. Let f be q(2). Calculate the greatest common factor of f and 2463.
3
Let a = -201 - -190. Let s(x) = 3*x**2 + 14*x - 1. Let w be s(a). Calculate the greatest common divisor of 16 and w.
16
Suppose 6727*o - 220 = 6723*o. What is the highest common factor of o and 198?
11
Let b be (100/(-550))/(6/(-2244)). What is the highest common factor of 48212 and b?
68
Let a = -75 - -117. Suppose -9*p = -3*p - a. Suppose -7*y + 14 = p. Calculate the highest common factor of y and 17.
1
Let m = -122 - -157. Let l = 827 + -822. What is the highest common divisor of m and l?
5
Suppose 10*u + 1392 = 2*i + 7*u, 3*i + 3*u - 2088 = 0. Let l be 4*4/112 + i/28. Calculate the greatest common factor of l and 5.
5
Let u(w) = w**3 + 29*w**2 - 24*w + 177. Let k be u(-30). Let l(n) = 8*n + 105. Let s be l(k). Calculate the highest common factor of s and 27.
27
Let g = -34 + 34. Suppose -6*r + 12 = -g. Let a be 10 + -12 + (-27 - r)/(-1). Calculate the greatest common factor of 18 and a.
